g = 6*j - 2*j, -5*b = -j + 13. Let i = 47 + j. Calculate the greatest common factor of i and 11.
11
Let l be (-14 + 16)*10/(-4). Let g be l + 27 + (-4)/(-2). Suppose 4*j = -2*w + 36, 5*w - 2 = j + 55. What is the highest common divisor of g and w?
12
Suppose 5*x - 1 = 4*x. Suppose s + 1 + x = -u, -4*u + 4*s = -16. Let g = 7 - u. What is the greatest common divisor of 42 and g?
6
Suppose 2*u - 5*i = -u + 63, -u + 20 = -2*i. Calculate the highest common divisor of 13 and u.
13
Suppose -19 = 8*h - 9*h. Let k = -13 + h. Let t = -67 + 121. Calculate the highest common factor of k and t.
6
Let j(v) = -33*v + 3. Suppose 2*k = -7 + 3. Let x be j(k). Calculate the highest common divisor of x and 23.
23
Suppose 5*n + 4*v - 29 = 0, 0 = -5*n + 5*v + 46 + 19. What is the highest common factor of 144 and n?
9
Let s = 6 + 8. Let q be 1566/s + (-7)/(-49). What is the greatest common divisor of q and 14?
14
Let j(a) = a**3 + 4*a**2 - 7*a - 5. Let b be j(-5). Suppose -4*d + 0*d + 28 = 0. Let h = d - b. What is the greatest common divisor of h and 18?
2
Let m(r) = 10*r - 5. Let z be m(6). Suppose 1 = -n - 10. Let w be n*-1*8/4. What is the greatest common factor of z and w?
11
Let l(z) = z**2 + 9*z - 19. Let f be l(-18). Calculate the greatest common factor of 13 and f.
13
Let u be 0 + (3 + -4)*14. Let b be (-2)/(-2 - u/8). What is the greatest common divisor of 8 and b?
8
Let i = -40 - -56. Calculate the greatest common factor of i and 32.
16
Let l(s) = 6*s. Let c be l(2). Let r be (-26 - (8 + -4))*(-18)/5. Calculate the greatest common factor of r and c.
12
Let j be (-4)/18 - 10/(-45). Suppose j*x = 5*x - 110. What is the highest common divisor of 22 and x?
22
Suppose 4*u + 2*h = 12, 3*u + 3*h - 1 - 11 = 0. What is the highest common factor of 2 and u?
2
Let a = -1 - -3. Suppose 0 = x + z - 51, 0*z - z + 106 = a*x. Calculate the greatest common divisor of x and 11.
11
Let d = 6 + -1. Suppose -r - d = -7. Let o be 4/(-8) + 243/r. What is the greatest common divisor of 11 and o?
11
Suppose 9*r = 5*r + 12. Let i be (-1)/r*(-45)/5. Suppose 0*v + 27 = i*v. What is the highest common divisor of v and 1?
1
Let i(m) = -m**3 - 2*m**2 + 4*m + 8. Let p be i(-6). What is the highest common divisor of 16 and p?
16
Let c = 450 + -241. Calculate the greatest common divisor of 19 and c.
19
Suppose 2*m = -5*o + 141, 0*m - 3*m + 179 = o. What is the greatest common divisor of m and 87?
29
Let g be (5 - 2) + (18 - -2). Suppose -r + 107 = g. Calculate the greatest common divisor of 12 and r.
12
Let n = -23 + 27. Calculate the highest common divisor of n and 28.
4
Let h = -6 - -4. Let f be 3 - (h + (1 - 7)). Let w = -5 + f. What is the greatest common divisor of w and 48?
6
Let g = -14 + 34. What is the greatest common factor of 10 and g?
10
Suppose j - 3*u = -7*u, -1 = u. Suppose -j*g - 3*a = -34, 0 = 5*g + 5*a - 2*a - 44. Calculate the greatest common divisor of g and 4.
2
Suppose 0 = -x + 1 + 4. Let n(k) = k**3 - 3*k**2 + 2*k + 3. Let m be n(3). Let h be (-2)/m + (-814)/(-18). Calculate the highest common factor of x and h.
5
Suppose -5*p + 4*r + 420 = 0, -155 = -2*p + 5*r - 6*r. Let m be 308/6 - 2/6. Suppose -m = -3*s - 3. Calculate the highest common divisor of s and p.
16
Suppose 5*o + z + 35 = 6*z, -5*z - 65 = 5*o. Let u be 12/(-5)*o/4. Let a be (u/(-9) - 2)*-6. Calculate the highest common divisor of 4 and a.
4
Let t be (-2886)/(-143) - 2/11. Suppose z = 10 - 0. What is the highest common factor of t and z?
10
Let k(x) = x + 1. Let c be k(3). Calculate the highest common divisor of 4 and c.
4
Suppose 6*p - 48 = 2*p. Calculate the highest common divisor of 60 and p.
12
Let n be -1*0*(-3)/9. Suppose n*q + 2*q = 112. Calculate the greatest common divisor of 7 and q.
7
Let m = 26 - -29. Suppose 4*o - 90 = -2*c, c = -3*o - 4*c + 71. Calculate the greatest common divisor of m and o.
11
Suppose -33 = -0*k - k. Suppose 8 = c + 5*t - 34, -38 = -c - 4*t. What is the highest common factor of c and k?
11
Let f be (4 - 4)/(2/1). Suppose f = -3*t + 46 - 10. What is the highest common divisor of t and 24?
12
Let s = -19 + 35. Calculate the greatest common factor of s and 144.
16
Let f(v) = 3*v - 33. Let i be f(15). Calculate the greatest common factor of 48 and i.
12
Let z = -223 + 483. Calculate the highest common divisor of 104 and z.
52
Suppose 37*x - 50 + 13 = 0. Suppose -4*v - 31 = -3*m, -3*m + 21 = 5*v - 1. Calculate the greatest common divisor of x and m.
1
Let y be (-89)/(-13) - 14/(-91). What is the greatest common divisor of y and 21?
7
Suppose 2*m = -m + 48. Let o(q) = 80*q**3. Let k be o(1). What is the greatest common divisor of m and k?
16
Let o = -85 + 206. Let j(h) = -6*h + 4. Let r be j(4). Let k = r + 31. What is the highest common divisor of k and o?
11
Let y be (-187)/(-66) - (-1)/6. Let q = y + 14. Calculate the greatest common factor of 85 and q.
17
Let i(r) = r**3 + 2*r**2 - 22*r - 14. Let g be i(7). Calculate the greatest common factor of g and 21.
21
Suppose 0 = -4*k - 20, 3*r - 151 = 6*k - k. Calculate the highest common divisor of 28 and r.
14
Suppose -3*l = 2*z - 45, 88 = 3*z - 2*l + 14. What is the highest common factor of 192 and z?
24
Let w(v) = -22*v - 3*v - 2*v + 2. Let r be w(-2). Calculate the greatest common factor of r and 8.
8
Suppose -u + 3*u - 64 = 0. Calculate the highest common divisor of u and 4.
4
Let d(i) = 91*i**2 - 2*i. Let m be d(1). Let a = 314 - m. What is the greatest common divisor of a and 25?
25
Suppose -c + 585 = 4*c + 2*s, 4*s = 4*c - 496. Let g be 16 - (-2*(-2)/4)/(-1). What is the greatest common divisor of c and g?
17
Let p(f) = -3*f - 5. Let c be p(-4). Let o = c + -4. Calculate the greatest common factor of 3 and o.
3
Suppose -q = -5*v - 114 - 125, 2*v = -4*q + 890. Suppose 2*b + q = 3*n + n, 2 = -b. What is the greatest common factor of n and 22?
11
Let a = -1 - -13. What is the greatest common factor of 4 and a?
4
Let k = -3 + 5. Suppose -w - 2 = 2*m - 6, -k*m + 2 = 2*w. Let i = 43 - w. Calculate the highest common divisor of i and 5.
5
Let i(s) = 3*s + 11*s**2 + 7*s**2 - 6*s**2. Let c be i(-3). Calculate the highest common divisor of 11 and c.
11
Let b be -5 + 6 + 230/1. Let l(g) = 21*g**2 + g - 1. Let q be l(1). What is the greatest common factor of b and q?
21
Suppose -3*k = -103 + 4. Let v = -12 + k. What is the highest common divisor of v and 7?
7
Let n be (-5)/(-15) - 8/(-3). Suppose -n = 2*v - 7. Suppose 4*m - 5*k = 50, 2*k = k + v. Calculate the highest common divisor of 105 and m.
15
Suppose 3*n - 96 = n. Calculate the highest common factor of n and 16.
16
Suppose -r + 17 = 5. What is the greatest common factor of r and 48?
12
Let a = 312 + -191. Calculate the greatest common divisor of a and 11.
11
Suppose -3*p + 7 = 2*u, u - 11 = 3*p - 2*p. Calculate the highest common factor of 88 and u.
8
Let j(t) = -t**3 + 5*t**2 - t + 2. Let b be j(5). Let n(v) = -4*v + 1. Let f be n(b). What is the highest common factor of f and 39?
13
Suppose 0 = -3*c + 4*h + 220, 4*h - 3 = 7*h. What is the highest common factor of c and 9?
9
Let z(g) = -4*g - 2. Let a be z(-4). Let k be (1 + 2 + -2)*3. Suppose k*n = m - 0*n - 43, -4*m + 4*n + 132 = 0. What is the highest common factor of a and m?
14
Suppose 3 + 51 = 9*n. Let r = 11 - 7. Calculate the highest common factor of r and n.
2
Let i(l) = -l**2 - 4 - l**2 + 4*l + 3*l**2. Let j be i(3). Calculate the highest common divisor of j and 119.
17
Suppose 0 = h - 2*i - 9, 4*h - i - 16 = -3*i. Suppose 56 = h*z - z. What is the greatest common divisor of z and 126?
14
Let o be -2 + 1 + (-1 - -17). Suppose -2*n = n - o. Let u be (n/3)/((-3)/(-108)). Calculate the greatest common divisor of 24 and u.
12
Let u be (-7 - (-2 - -2))*-1. Let a be (-1)/((3/2)/(-3)). Suppose 108 = a*k + 4*f, k - 5*f - 117 = -k. What is the greatest common factor of u and k?
7
Let y(q) = q**3 - q**2 + 10. Let j be y(0). Suppose 5*s - 7*s + j = 0. Calculate the greatest common factor of s and 55.
5
Let o = -65 - -156. Calculate the highest common divisor of o and 13.
13
Let x = 6 + 10. What is the highest common divisor of x and 128?
16
Suppose 0*a - 2*a = 0. Suppose 0 = 5*o - a*o - 85. Calculate the greatest common factor of 119 and o.
17
Let r(u) = u**3 + 7*u**2 - 9*u + 3. Let z be r(-8). Suppose -4 - z = -d. Calcu